{"id":2919,"date":"2018-03-12T14:23:03","date_gmt":"2018-03-12T14:23:03","guid":{"rendered":"http:\/\/apo33.org\/?page_id=2919"},"modified":"2018-03-12T14:23:03","modified_gmt":"2018-03-12T14:23:03","slug":"bonus","status":"publish","type":"page","link":"https:\/\/apo33.org\/?page_id=2919","title":{"rendered":"Bonus"},"content":{"rendered":"<p><strong>Le projet<\/strong><\/p>\n<p>Les Ateliers Bonus sont un dispositif de soutien \u00e0 la fili\u00e8re arts visuels sur le territoire de Nantes et de sa r\u00e9gion. Il propose des ateliers pour les artistes, des bureaux pour les associations, des outils de production appropri\u00e9s aux pratiques artistiques ainsi que des accueils en r\u00e9sidence de cr\u00e9ation ou de m\u00e9diation culturelle.<\/p>\n<p><strong>L\u2019objectif des Ateliers Bonus est de d\u00e9ployer une dynamique collective.<\/strong><\/p>\n<p>Ce projet d\u00e9veloppera des espaces de travail partag\u00e9s et collaboratifs pour susciter la mutualisation, le partage, la coop\u00e9ration, la r\u00e9flexion entre les artistes, les associations et tout autre acteur de la fili\u00e8re arts visuels de Nantes et de sa r\u00e9gion :<\/p>\n<p>\u200b<\/p>\n<ul>\n<p>&#8211; mutualisation de mat\u00e9riel, d\u2019outillage, de ressources humaines ;<\/ul>\n<ul>\n&#8211; partage d\u2019informations, de savoir-faire, d\u2019id\u00e9es ;<\/ul>\n<ul>\n&#8211; coop\u00e9ration autour de projets artistiques ;<\/ul>\n<ul>\n&#8211; r\u00e9flexion collective sur les questions professionnelles des artistes plasticiens.<\/ul>\n<p>\u200b<\/p>\n<p><strong>Le projet Bonus est une proposition structur\u00e9e mais c\u2019est aussi un projet en devenir, \u00e0 d\u00e9velopper collectivement.<\/strong><\/p>\n<p>Les Ateliers Bonus ouvriront leurs portes progressivement \u00e0 partir d&#8217;avril\/mai 2018.<\/p>\n<p>Le projet de gestion et d&#8217;animation des ateliers Bonus est port\u00e9 par un collectif d\u2019associations : Apo33, collectif R, Entre-deux, Mille Feuilles, MPVite et Paradise.<\/p>\n<p><em>Ce projet est soutenu et financ\u00e9 par la Mairie de Nantes et la R\u00e9gion des Pays de la Loire.<\/em><\/p>\n<p><strong>Pilotage du projet<\/strong><\/p>\n<p>\u200bLe pilotage du projet est assur\u00e9e par une direction coll\u00e9giale compos\u00e9e des six associations porteuses du projet. Deux repr\u00e9sentants des artistes usagers des ateliers si\u00e9geront au conseil coll\u00e9gial. La composition de cette direction n\u2019est pas fig\u00e9e, elle est destin\u00e9e \u00e0 s\u2019ouvrir \u00e0 d\u2019autres associations motiv\u00e9es par le projet.<\/p>\n<p>\u200b<\/p>\n","protected":false},"excerpt":{"rendered":"<p>Le projet Les Ateliers Bonus sont un dispositif de soutien \u00e0 la fili\u00e8re arts visuels sur le territoire de Nantes et de sa r\u00e9gion. Il<a class=\"moretag\" href=\"https:\/\/apo33.org\/?page_id=2919\"> <span class=\"dashicons dashicons-plus\"><\/span><span class=\"dashicons dashicons-plus\"><\/span> <\/a><\/p>\n","protected":false},"author":1,"featured_media":0,"parent":0,"menu_order":0,"comment_status":"closed","ping_status":"closed","template":"","meta":{"_links_to":"","_links_to_target":""},"_links":{"self":[{"href":"https:\/\/apo33.org\/index.php?rest_route=\/wp\/v2\/pages\/2919"}],"collection":[{"href":"https:\/\/apo33.org\/index.php?rest_route=\/wp\/v2\/pages"}],"about":[{"href":"https:\/\/apo33.org\/index.php?rest_route=\/wp\/v2\/types\/page"}],"author":[{"embeddable":true,"href":"https:\/\/apo33.org\/index.php?rest_route=\/wp\/v2\/users\/1"}],"replies":[{"embeddable":true,"href":"https:\/\/apo33.org\/index.php?rest_route=%2Fwp%2Fv2%2Fcomments&post=2919"}],"version-history":[{"count":1,"href":"https:\/\/apo33.org\/index.php?rest_route=\/wp\/v2\/pages\/2919\/revisions"}],"predecessor-version":[{"id":2920,"href":"https:\/\/apo33.org\/index.php?rest_route=\/wp\/v2\/pages\/2919\/revisions\/2920"}],"wp:attachment":[{"href":"https:\/\/apo33.org\/index.php?rest_route=%2Fwp%2Fv2%2Fmedia&parent=2919"}],"curies":[{"name":"wp","href":"https:\/\/api.w.org\/{rel}","templated":true}]}}