{"id":2901,"date":"2018-03-12T12:31:20","date_gmt":"2018-03-12T12:31:20","guid":{"rendered":"http:\/\/apo33.org\/?page_id=2901"},"modified":"2026-04-01T16:16:29","modified_gmt":"2026-04-01T14:16:29","slug":"adherer-a-apo33","status":"publish","type":"page","link":"https:\/\/apo33.org\/?page_id=2901","title":{"rendered":"ADH\u00c9RER"},"content":{"rendered":"\n<p>ADH\u00c9RER A APO33<\/p>\n\n\n<p><iframe id=\"haWidgetButton\" allowtransparency=\"true\" src=\"https:\/\/www.helloasso.com\/associations\/apo-33\/adhesions\/campagne-adhesion-2026-2-1\/widget-bouton\" style=\"width: 100%; height: 70px; border: none;\"><\/iframe><\/p>\n\n\n\n<p><strong>Adh\u00e9rer<\/strong><\/p>\n\n\n<p><iframe id=\"haWidget\" allowtransparency=\"true\" scrolling=\"auto\" src=\"https:\/\/www.helloasso.com\/associations\/apo-33\/adhesions\/campagne-adhesion-2026-2-1\/widget\" style=\"width: 100%; height: 750px; border: none;\" onload=\"window.addEventListener('message', function(e) { const dataHeight = e.data.height; const haWidgetElement = document.getElementById('haWidget'); \n  if (dataHeight > parseFloat(haWidgetElement.height || 0)) { haWidgetElement.height = dataHeight + &#8216;px&#8217;;}})&#8221;><\/iframe><\/p>\n\n\n\n<h3>Options suppl\u00e9mentaires<\/h3>\n\n\n\n<p><strong>Compl\u00e9ments Tarifaires<\/strong> : Inscription annuelle \u00e0 APOTEK et APONoise : 75 \u20ac Permets : Acc\u00e8s au fablab artistique et studio cr\u00e9ation sonore et visuel pendant les horaires d\u2019ouverture de l\u2019association (hors vacances scolaires) D\u00e9tails sur le site web d&#8217;Apo33 http:\/\/apo33.org <\/p>\n\n\n\n<p><strong>Option anuelle emprunt mat\u00e9riel <\/strong>: 60 \u20ac Incluant : acc\u00e8s et r\u00e9servation en ligne Mat\u00e9riel son (micros, enregistreurs, cartes son, p\u00e9dales, sonorisations \u2026) Mat\u00e9riel vid\u00e9o (cam\u00e9ras, vid\u00e9oprojecteur&#8230;) Mat\u00e9riel lumi\u00e8re (projecteurs pars&#8230;) Mat\u00e9riel informatique (arduino, raspberry&#8230;)<\/p>\n","protected":false},"excerpt":{"rendered":"<p>ADH\u00c9RER A APO33 Adh\u00e9rer Options suppl\u00e9mentaires Compl\u00e9ments Tarifaires : Inscription annuelle \u00e0 APOTEK et APONoise : 75 \u20ac Permets : Acc\u00e8s au fablab artistique et<a class=\"moretag\" href=\"https:\/\/apo33.org\/?page_id=2901\"> <span class=\"dashicons dashicons-plus\"><\/span><span class=\"dashicons dashicons-plus\"><\/span> <\/a><\/p>\n","protected":false},"author":1,"featured_media":0,"parent":0,"menu_order":0,"comment_status":"closed","ping_status":"closed","template":"","meta":{"_links_to":"","_links_to_target":""},"_links":{"self":[{"href":"https:\/\/apo33.org\/index.php?rest_route=\/wp\/v2\/pages\/2901"}],"collection":[{"href":"https:\/\/apo33.org\/index.php?rest_route=\/wp\/v2\/pages"}],"about":[{"href":"https:\/\/apo33.org\/index.php?rest_route=\/wp\/v2\/types\/page"}],"author":[{"embeddable":true,"href":"https:\/\/apo33.org\/index.php?rest_route=\/wp\/v2\/users\/1"}],"replies":[{"embeddable":true,"href":"https:\/\/apo33.org\/index.php?rest_route=%2Fwp%2Fv2%2Fcomments&post=2901"}],"version-history":[{"count":57,"href":"https:\/\/apo33.org\/index.php?rest_route=\/wp\/v2\/pages\/2901\/revisions"}],"predecessor-version":[{"id":13013,"href":"https:\/\/apo33.org\/index.php?rest_route=\/wp\/v2\/pages\/2901\/revisions\/13013"}],"wp:attachment":[{"href":"https:\/\/apo33.org\/index.php?rest_route=%2Fwp%2Fv2%2Fmedia&parent=2901"}],"curies":[{"name":"wp","href":"https:\/\/api.w.org\/{rel}","templated":true}]}}