{"id":25,"date":"2015-09-02T19:25:30","date_gmt":"2015-08-30T09:00:31","guid":{"rendered":"http:\/\/apo33.org\/?page_id=25"},"modified":"2026-01-07T14:31:19","modified_gmt":"2026-01-07T13:31:19","slug":"apo-33","status":"publish","type":"page","link":"https:\/\/apo33.org\/?page_id=25","title":{"rendered":"APO-33 ?"},"content":{"rendered":"<p><strong>Association APO33<\/strong><\/p>\n<p>APO33 est un laboratoire artistique, technologique et th\u00e9orique transdisciplinaire, cr\u00e9\u00e9 en 1997 \u00e0 Nantes, qui d\u00e9veloppe des projets collectifs divers alliant recherche, exp\u00e9rimentation et intervention dans l\u2019espace social. APO33 est une association g\u00e9r\u00e9e par des artistes professionnels privil\u00e9giant la pratique interm\u00e9dia : croisement des arts exp\u00e9rimentaux, de l\u2019art sonore, des arts num\u00e9riques, de la cr\u00e9ativit\u00e9 sociale et th\u00e9orique. S\u2019inscrivant dans la continuit\u00e9 des dynamiques ouvertes par le mouvement des logiciels libres, APO33 initiant des projets et processus de cr\u00e9ation collaboratifs et explorant de nouveaux modes de production et de diffusion artistiques et cr\u00e9atifs.<\/p>\n<p>A travers des workshops, des ateliers de partage, des s\u00e9minaires, des interventions dans l\u2019espace public, des cr\u00e9ations, des rencontres internationales, des projets en ligne, des publications etc. APO33 interroge les transformations actuelles des pratiques artistiques et culturelles cons\u00e9quence des r\u00e9appropriations et usages des Technologies de l\u2019Information et de la Communication. Ce questionnement conduit APO33 \u00e0 travailler aux marges du champ culturel pour explorer les passages et croisements qui peuvent s\u2019op\u00e9rer entre la cr\u00e9ation et d\u2019autres disciplines ou pratiques sociales (activisme politique, m\u00e9diation ou action sociale, sciences dures et sciences humaines, urbanisme, \u00e9cologie, \u00e9conomie\u2026).<\/p>\n<p><\/p>\n\n\n<div class=\"wp-block-media-text alignwide is-stacked-on-mobile post\"><figure class=\"wp-block-media-text__media\"><img loading=\"lazy\" width=\"700\" height=\"455\" src=\"http:\/\/apo33.org\/wp-content\/uploads\/2022\/01\/IMG_20210623_122858-1-scaled-e1642700387740-700x455.jpg\" alt=\"\" class=\"wp-image-7925 size-large\" srcset=\"https:\/\/apo33.org\/wp-content\/uploads\/2022\/01\/IMG_20210623_122858-1-scaled-e1642700387740-700x455.jpg 700w, https:\/\/apo33.org\/wp-content\/uploads\/2022\/01\/IMG_20210623_122858-1-scaled-e1642700387740-300x195.jpg 300w, https:\/\/apo33.org\/wp-content\/uploads\/2022\/01\/IMG_20210623_122858-1-scaled-e1642700387740-150x98.jpg 150w, https:\/\/apo33.org\/wp-content\/uploads\/2022\/01\/IMG_20210623_122858-1-scaled-e1642700387740-1536x998.jpg 1536w, https:\/\/apo33.org\/wp-content\/uploads\/2022\/01\/IMG_20210623_122858-1-scaled-e1642700387740-2048x1331.jpg 2048w\" sizes=\"(max-width: 700px) 100vw, 700px\" \/><\/figure><div class=\"wp-block-media-text__content\">\n<h3><strong>Association APO33<\/strong><br><\/h3>\n\n\n\n<p id=\"block-7bbe9087-7b08-4330-afa3-216324950a1c\">Les bureaux et les studios de l\u2019association sont situ\u00e9s Impasse de la Psalette.<br>L\u2019association accueille des artistes, des ateliers et des \u00e9changes en rapport avec ses actions culturelles en cours, ainsi que la recherche et le d\u00e9veloppement technologique et artistique.<\/p>\n<\/div><\/div>\n\n\n\n<div style=\"height:22px\" aria-hidden=\"true\" class=\"wp-block-spacer\"><\/div>\n\n\n\n<div class=\"wp-block-media-text alignwide is-stacked-on-mobile post has-black-color has-text-color\"><figure class=\"wp-block-media-text__media\"><img loading=\"lazy\" width=\"700\" height=\"441\" src=\"http:\/\/apo33.org\/wp-content\/uploads\/2022\/01\/IMG_20211008_123845-scaled-e1642700600200-700x441.jpg\" alt=\"\" class=\"wp-image-7926 size-large\" srcset=\"https:\/\/apo33.org\/wp-content\/uploads\/2022\/01\/IMG_20211008_123845-scaled-e1642700600200-700x441.jpg 700w, https:\/\/apo33.org\/wp-content\/uploads\/2022\/01\/IMG_20211008_123845-scaled-e1642700600200-300x189.jpg 300w, https:\/\/apo33.org\/wp-content\/uploads\/2022\/01\/IMG_20211008_123845-scaled-e1642700600200-150x94.jpg 150w, https:\/\/apo33.org\/wp-content\/uploads\/2022\/01\/IMG_20211008_123845-scaled-e1642700600200-1536x967.jpg 1536w, https:\/\/apo33.org\/wp-content\/uploads\/2022\/01\/IMG_20211008_123845-scaled-e1642700600200-2048x1289.jpg 2048w\" sizes=\"(max-width: 700px) 100vw, 700px\" \/><\/figure><div class=\"wp-block-media-text__content\">\n<h3><strong>La Plateforme Interm\u00e9dia<\/strong><\/h3>\n\n\n\n<p>Un espace interdisciplinaire exposition \/ performance situ\u00e9 \u00e0 La Fabrique, Ile de Nantes.<br>La Plateforme Interm\u00e9dia est une proposition artistique et culturelle propos\u00e9e par APO33 qui explore les domaines artistiques et technologiques \u2026<\/p>\n<\/div><\/div>\n\n\n\n<div style=\"height:22px\" aria-hidden=\"true\" class=\"wp-block-spacer\"><\/div>\n","protected":false},"excerpt":{"rendered":"<p>Association APO33 APO33 est un laboratoire artistique, technologique et th\u00e9orique transdisciplinaire, cr\u00e9\u00e9 en 1997 \u00e0 Nantes, qui d\u00e9veloppe des projets collectifs divers alliant recherche, exp\u00e9rimentation<a class=\"moretag\" href=\"https:\/\/apo33.org\/?page_id=25\"> <span class=\"dashicons dashicons-plus\"><\/span><span class=\"dashicons dashicons-plus\"><\/span> <\/a><\/p>\n","protected":false},"author":1,"featured_media":0,"parent":0,"menu_order":0,"comment_status":"closed","ping_status":"closed","template":"","meta":{"_links_to":"","_links_to_target":""},"_links":{"self":[{"href":"https:\/\/apo33.org\/index.php?rest_route=\/wp\/v2\/pages\/25"}],"collection":[{"href":"https:\/\/apo33.org\/index.php?rest_route=\/wp\/v2\/pages"}],"about":[{"href":"https:\/\/apo33.org\/index.php?rest_route=\/wp\/v2\/types\/page"}],"author":[{"embeddable":true,"href":"https:\/\/apo33.org\/index.php?rest_route=\/wp\/v2\/users\/1"}],"replies":[{"embeddable":true,"href":"https:\/\/apo33.org\/index.php?rest_route=%2Fwp%2Fv2%2Fcomments&post=25"}],"version-history":[{"count":24,"href":"https:\/\/apo33.org\/index.php?rest_route=\/wp\/v2\/pages\/25\/revisions"}],"predecessor-version":[{"id":12733,"href":"https:\/\/apo33.org\/index.php?rest_route=\/wp\/v2\/pages\/25\/revisions\/12733"}],"wp:attachment":[{"href":"https:\/\/apo33.org\/index.php?rest_route=%2Fwp%2Fv2%2Fmedia&parent=25"}],"curies":[{"name":"wp","href":"https:\/\/api.w.org\/{rel}","templated":true}]}}

<p><strong>Association APO33</strong></p>
<p>APO33 est un laboratoire artistique, technologique et théorique transdisciplinaire, créé en 1997 à Nantes, qui développe des projets collectifs divers alliant recherche, expérimentation et intervention dans l’espace social. APO33 est une association gérée par des artistes professionnels privilégiant la pratique intermédia : croisement des arts expérimentaux, de l’art sonore, des arts numériques, de la créativité sociale et théorique. S’inscrivant dans la continuité des dynamiques ouvertes par le mouvement des logiciels libres, APO33 initiant des projets et processus de création collaboratifs et explorant de nouveaux modes de production et de diffusion artistiques et créatifs.</p>
<p>A travers des workshops, des ateliers de partage, des séminaires, des interventions dans l’espace public, des créations, des rencontres internationales, des projets en ligne, des publications etc. APO33 interroge les transformations actuelles des pratiques artistiques et culturelles conséquence des réappropriations et usages des Technologies de l’Information et de la Communication. Ce questionnement conduit APO33 à travailler aux marges du champ culturel pour explorer les passages et croisements qui peuvent s’opérer entre la création et d’autres disciplines ou pratiques sociales (activisme politique, médiation ou action sociale, sciences dures et sciences humaines, urbanisme, écologie, économie…).</p>
<p></p>


<div class="wp-block-media-text alignwide is-stacked-on-mobile post"><figure class="wp-block-media-text__media"><img loading="lazy" width="700" height="455" src="http://apo33.org/wp-content/uploads/2022/01/IMG_20210623_122858-1-scaled-e1642700387740-700x455.jpg" alt="" class="wp-image-7925 size-large" srcset="https://apo33.org/wp-content/uploads/2022/01/IMG_20210623_122858-1-scaled-e1642700387740-700x455.jpg 700w, https://apo33.org/wp-content/uploads/2022/01/IMG_20210623_122858-1-scaled-e1642700387740-300x195.jpg 300w, https://apo33.org/wp-content/uploads/2022/01/IMG_20210623_122858-1-scaled-e1642700387740-150x98.jpg 150w, https://apo33.org/wp-content/uploads/2022/01/IMG_20210623_122858-1-scaled-e1642700387740-1536x998.jpg 1536w, https://apo33.org/wp-content/uploads/2022/01/IMG_20210623_122858-1-scaled-e1642700387740-2048x1331.jpg 2048w" sizes="(max-width: 700px) 100vw, 700px" /></figure><div class="wp-block-media-text__content">
<h3><strong>Association APO33</strong><br></h3>



<p id="block-7bbe9087-7b08-4330-afa3-216324950a1c">Les bureaux et les studios de l’association sont situés Impasse de la Psalette.<br>L’association accueille des artistes, des ateliers et des échanges en rapport avec ses actions culturelles en cours, ainsi que la recherche et le développement technologique et artistique.</p>
</div></div>



<div style="height:22px" aria-hidden="true" class="wp-block-spacer"></div>



<div class="wp-block-media-text alignwide is-stacked-on-mobile post has-black-color has-text-color"><figure class="wp-block-media-text__media"><img loading="lazy" width="700" height="441" src="http://apo33.org/wp-content/uploads/2022/01/IMG_20211008_123845-scaled-e1642700600200-700x441.jpg" alt="" class="wp-image-7926 size-large" srcset="https://apo33.org/wp-content/uploads/2022/01/IMG_20211008_123845-scaled-e1642700600200-700x441.jpg 700w, https://apo33.org/wp-content/uploads/2022/01/IMG_20211008_123845-scaled-e1642700600200-300x189.jpg 300w, https://apo33.org/wp-content/uploads/2022/01/IMG_20211008_123845-scaled-e1642700600200-150x94.jpg 150w, https://apo33.org/wp-content/uploads/2022/01/IMG_20211008_123845-scaled-e1642700600200-1536x967.jpg 1536w, https://apo33.org/wp-content/uploads/2022/01/IMG_20211008_123845-scaled-e1642700600200-2048x1289.jpg 2048w" sizes="(max-width: 700px) 100vw, 700px" /></figure><div class="wp-block-media-text__content">
<h3><strong>La Plateforme Intermédia</strong></h3>



<p>Un espace interdisciplinaire exposition / performance situé à La Fabrique, Ile de Nantes.<br>La Plateforme Intermédia est une proposition artistique et culturelle proposée par APO33 qui explore les domaines artistiques et technologiques …</p>
</div></div>



<div style="height:22px" aria-hidden="true" class="wp-block-spacer"></div>

<p>Association APO33 APO33 est un laboratoire artistique, technologique et théorique transdisciplinaire, créé en 1997 à Nantes, qui développe des projets collectifs divers alliant recherche, expérimentation<a class="moretag" href="https://apo33.org/?page_id=25"> <span class="dashicons dashicons-plus"></span><span class="dashicons dashicons-plus"></span> </a></p>
